20
Calculate the greatest common divisor of 4528014 and 59.
59
What is the greatest common factor of 3 and 49?
1
Calculate the greatest common factor of 473 and 4171.
43
Calculate the highest common factor of 15 and 1016070.
15
Calculate the highest common divisor of 67 and 1348241.
67
What is the highest common factor of 45 and 1408635?
45
Calculate the greatest common factor of 42182 and 1179.
131
Calculate the greatest common factor of 57904 and 88704.
1232
What is the greatest common divisor of 32474 and 52?
26
Calculate the greatest common factor of 5448 and 35088.
24
What is the greatest common divisor of 512 and 176768?
128
Calculate the greatest common divisor of 51035 and 885.
295
Calculate the greatest common divisor of 912 and 2033874.
114
What is the greatest common factor of 159703 and 145?
29
Calculate the highest common divisor of 98307 and 594.
297
What is the highest common divisor of 8067 and 12?
3
What is the greatest common factor of 128037 and 11193?
273
What is the highest common divisor of 671857 and 85?
17
What is the greatest common divisor of 27036 and 333?
9
What is the highest common divisor of 64 and 286472?
8
Calculate the greatest common divisor of 35880 and 351.
39
Calculate the highest common divisor of 1287 and 53328.
33
Calculate the greatest common divisor of 37 and 11407.
1
What is the highest common factor of 75 and 17975?
25
Calculate the highest common divisor of 47 and 10951.
47
Calculate the greatest common factor of 10 and 10954.
2
Calculate the highest common factor of 1494 and 183474.
18
What is the greatest common factor of 40664 and 408?
136
Calculate the highest common factor of 125542 and 820.
82
Calculate the highest common factor of 186 and 1050.
6
What is the greatest common factor of 6110 and 962?
26
What is the highest common factor of 4450 and 89?
89
What is the greatest common divisor of 494725 and 145?
5
Calculate the highest common divisor of 1 and 5081.
1
What is the greatest common factor of 1115197 and 278?
139
What is the greatest common factor of 66216 and 12?
12
Calculate the highest common divisor of 327110 and 1120.
70
What is the greatest common factor of 534 and 541743?
267
What is the greatest common divisor of 4248 and 4824?
72
What is the greatest common divisor of 1098 and 41526?
18
What is the greatest common divisor of 765 and 99195?
255
Calculate the greatest common factor of 950760 and 288.
72
Calculate the highest common factor of 28 and 70028.
28
What is the highest common divisor of 1032 and 39560?
344
Calculate the highest common divisor of 45164 and 98.
14
Calculate the greatest common factor of 1941 and 13068753.
1941
What is the highest common factor of 6511 and 6579?
17
Calculate the highest common factor of 8208 and 3132.
108
What is the highest common factor of 51960 and 960?
120
What is the highest common divisor of 553 and 1?
1
What is the highest common factor of 67388 and 1972?
68
What is the highest common divisor of 20315 and 340?
85
Calculate the greatest common divisor of 4180 and 30.
10
What is the highest common divisor of 3271396 and 568?
284
Calculate the highest common divisor of 249756 and 637.
13
Calculate the highest common divisor of 60 and 269484.
12
Calculate the highest common factor of 138833 and 57.
19
What is the highest common divisor of 282 and 1668?
6
Calculate the highest common divisor of 828 and 31602.
138
What is the greatest common divisor of 21 and 3787?
7
What is the greatest common factor of 7825063 and 1213?
1213
What is the highest common factor of 3768 and 540?
12
Calculate the highest common divisor of 5075484 and 1766.
1766
What is the greatest common factor of 16059 and 1272?
159
Calculate the greatest common factor of 3491096 and 28.
28
Calculate the greatest common factor of 592 and 70818.
74
Calculate the greatest common divisor of 205 and 1713759.
41
What is the highest common factor of 213150 and 580?
290
Calculate the highest common divisor of 1461 and 2.
1
Calculate the highest common factor of 48398 and 14.
14
What is the highest common divisor of 7203 and 651?
21
Calculate the greatest common factor of 1102 and 9994.
38
What is the greatest common divisor of 15 and 375?
15
Calculate the greatest common divisor of 45 and 1588941.
9
What is the greatest common factor of 22 and 576686?
22
Calculate the greatest common factor of 9357920 and 88.
88
What is the highest common factor of 420 and 18200?
140
Calculate the greatest common factor of 1716 and 425997.
429
Calculate the greatest common divisor of 200430 and 1870.
170
What is the greatest common divisor of 172 and 2767652?
172
What is the greatest common divisor of 40384 and 40?
8
What is the highest common divisor of 782 and 92429?
17
What is the greatest common factor of 864 and 196776?
216
What is the highest common divisor of 72 and 718092?
36
Calculate the highest common divisor of 2587080 and 48.
24
Calculate the highest common factor of 187628 and 476.
28
Calculate the greatest common divisor of 3698997 and 3.
3
What is the highest common divisor of 8500 and 180?
20
What is the greatest common divisor of 214800 and 45?
15
What is the greatest common factor of 3595 and 15?
5
Calculate the highest common factor of 9178 and 650.
26
Calculate the highest common divisor of 305 and 66673.
61
What is the highest common factor of 159679 and 284?
71
What is the highest common factor of 2412 and 228?
12
What is the greatest common divisor of 35 and 236435?
5
Calculate the highest common divisor of 54432 and 420.
84
What is the greatest common factor of 35 and 1747165?
35
Calculate the greatest common divisor of 310740 and 264.
12
What is the highest common factor of 27 and 1130832?
9
What is the highest common factor of 20453 and 5537?
113
What is the highest common factor of 40 and 231160?
40
What is the greatest common divisor of 95922 and 27?
9
Calculate the highest common factor of 84 and 21308.
28
Calculate the highest common factor of 34 and 2209592.
34
What is the highest common factor of 2875 and 10948?
23
What is the highest common factor of 3817 and 44?
11
What is the highest common factor of 20160 and 30016?
448
What is the greatest common divisor of 2086 and 36058?
298
What is the highest common divisor of 9560 and 515045?
1195
Calculate the greatest common factor of 177 and 3530796.
177
What is the greatest common factor of 388 and 299051?
97
Calculate the greatest common divisor of 715 and 687115.
715
Calculate the greatest common divisor of 225 and 384525.
225
Calculate the highest common factor of 501 and 245323.
167
Calculate the highest common factor of 1025 and 26404.
41
Calculate the greatest common divisor of 7 and 192150.
7
Calculate the highest common divisor of 11235 and 1785.
105
What is the highest common divisor of 248 and 156302?
62
Calculate the greatest common divisor of 465 and 46785.
15
What is the highest common factor of 99 and 794943?
9
What is the highest common divisor of 558603 and 459?
459
Calculate the highest common divisor of 21153 and 3.
3
Calculate the greatest common divisor of 3458063 and 164.
41
Calculate the highest common divisor of 29265 and 30.
15
What is the greatest common factor of 820 and 25666?
82
What is the greatest common factor of 133 and 77235?
19
Calculate the highest common factor of 273743 and 457.
457
Calculate the highest common factor of 18 and 4965930.
18
Calculate the greatest common factor of 593674 and 3876.
646
What is the highest common factor of 111 and 118881?
111
Calculate the greatest common divisor of 198 and 1452.
66
What is the highest common divisor of 6419 and 392?
49
What is the greatest common divisor of 7605 and 16393?
169
Calculate the greatest common factor of 503 and 104.
1
Calculate the greatest common divisor of 310593 and 57.
57
Calculate the greatest common factor of 88 and 44572.
44
Calculate the highest common divisor of 20832 and 5642.
434
Calculate the highest common divisor of 945717 and 93.
93
Calculate the highest common factor of 540 and 50700.
60
Calculate the highest common divisor of 10014 and 60.
6
What is the greatest common divisor of 1304 and 6128?
8
What is the greatest common divisor of 14350 and 64120?
70
What is the highest common factor of 9 and 62